u(q).
-9
Let u(k) be the first derivative of 3*k**2/2 - k - 11. Calculate u(1).
2
Let v = -20 - -32. Suppose -5 = 7*t - v*t. Let l(y) be the first derivative of 3*y**4/4 + y**2/2 - y - 2. Give l(t).
3
Suppose 2*v - 3*r = 19, 0*r - 19 = -5*v - 2*r. Suppose -5*s + 5 = -4*q + 2, s + 11 = -v*q. Let f(g) = -2*g**2 - g. What is f(s)?
-1
Let n = 12 + -5. Let y(s) = -2 + 2 - n + 2*s. Let p be (2 - 7)/((-2)/2). Calculate y(p).
3
Let r(w) = -6*w**3 - 4*w + 1. Let l(j) = 31*j**3 + 21*j - 6. Let s(t) = 2*l(t) + 11*r(t). Determine s(-1).
5
Suppose -i = -5*r + 4, 2*i - 5*i = 5*r + 12. Let h(j) = -j + 3. Let d(b) = 3*b - 7. Let y(s) = 2*d(s) + 5*h(s). Give y(i).
-3
Let l(u) = -u**2 - u. Let i(w) = 2*w. Let a(t) = -i(t) - l(t). Suppose 0 = -2*y + 1 + 3, -3*h = y - 5. Calculate a(h).
0
Suppose -3*x - m = -21 + 5, -6 = 3*m. Let h(c) = -c - 1. Let r(w) = 4*w - 3. Let l(u) = 3*h(u) + r(u). Give l(x).
0
Let a(d) = -39 - d - d**2 - 37 + 76. Suppose 0 = 2*m - m. Let p be a(m). Let v(k) = k**3 + k**2 + k + 5. What is v(p)?
5
Let m(x) = x**2 + 5*x + 2. Suppose 2*q - 10 = 6. Let g = 14 - q. Suppose 0 = -4*j + 4*d - 8, -4*j + g*j - 4*d = 0. Calculate m(j).
-2
Let k(q) be the second derivative of 3*q**5/20 + q**4/6 - q**2/2 + 7*q. Calculate k(-1).
-2
Let w(j) be the first derivative of -j**4/4 + j + 2. What is w(1)?
0
Let y = -6 + 8. Suppose -4*o + 4 = -4*i, -6 - 9 = -5*o. Let v(w) = 2*w**y - i*w**2 + 1 - 2*w**3. Determine v(1).
-1
Suppose -4*c - 5*i + 2*i - 19 = 0, c + 2*i = -6. Let j be 2/5 - (-36)/10. Let k(q) = -6*q - 3*q**3 + 3*q**2 + q + j*q**3. Give k(c).
4
Suppose -4*a - 3*h + 13 = -6*a, -2*a = 4*h - 8. Let c(y) be the second derivative of -7*y**3/6 - y**2 + 3*y. Give c(a).
12
Let j(v) = -v**3 - 4*v**2 + 2*v + 2. Let b be 4/(-1*2/(-8)). Suppose -y = -5*y - b. Calculate j(y).
-6
Let o(w) = -w**3. Let g(m) = 2*m**3 - 5*m**2 - 2*m - 7. Let v(u) = -g(u) - 3*o(u). Calculate v(-5).
-3
Let f(h) = -2*h**2 + 3*h - 3. Let x(i) = i**2 - 2*i + 3. Let z(y) = 2*f(y) + 3*x(y). Calculate z(4).
-13
Suppose 0 = -5*w - 4 + 54. Let z = -16 + w. Let y(q) = -q + 2. Calculate y(z).
8
Let t = 59 + -62. Let c(f) be the first derivative of -f**5/60 - f**4/12 + 2*f**3/3 + f**2 - 2. Let r(a) be the second derivative of c(a). What is r(t)?
1
Let t(j) = 4*j + 2. Let a(l) = -l + 4. Let p be a(3). Let u(o) = o + 1. Let s(g) = p*t(g) - 3*u(g). Let k be (-2 - 27/(-6))/((-9)/18). What is s(k)?
-6
Let b(n) = -n**2 + 6*n - 6. Suppose -25 = 2*h - 35. Calculate b(h).
-1
Let x(c) be the second derivative of 1/24*c**5 + 0*c**2 - 1/360*c**6 + 1/24*c**4 + 3*c + 0 + 1/3*c**3. Let l(w) be the second derivative of x(w). What is l(4)?
5
Let g(l) = -2*l + 14. Let n be g(7). Let k(r) be the second derivative of 2*r**2 + 0 - 1/12*r**4 + n*r**3 - r. Determine k(3).
-5
Let g(i) = -i + 3. Let h(p) = -3*p + 5 + 2*p - 5*p + 4*p. Let x(c) = 11*g(c) - 6*h(c). Determine x(-4).
-1
Let i(v) = -v + 2. Let s(q) = -q**3 + 2*q**2 + 5*q - 4. Let t be s(3). Suppose -2 = -2*p - t*f, 4*p - 9 = -2*f + 5. Determine i(p).
-4
Let s(o) = -7*o**3 - o**2 + 1. Let v = 5 + -4. What is s(v)?
-7
Suppose -2 - 8 = -5*m. Let w(y) = 8*y - 4 - m - 6*y. Let b be -2*2/8*-10. Calculate w(b).
4
Let s(v) = -7*v**2 - 12*v - 11. Let f(o) = 6*o**2 + 11*o + 10. Let j(t) = 6*f(t) + 5*s(t). Suppose b - 3*q - 2*q + 26 = 0, -2*b + 5*q = 32. Give j(b).
5
Suppose -r - 2*r + 9 = 0. Let v(g) = -g + 1 - 2*g**2 + 2*g**3 + g + 0*g**r. Determine v(1).
1
Let v(i) = 1. Let u(l) = -5. Let t(b) = -u(b) - 4*v(b). Let s(d) = 3*d**2 + d**2 - 5 - 5*d**2 + 2*d + 4*d. Let q(x) = s(x) - t(x). What is q(6)?
-6
Suppose 5*y = -0 + 10. Let q(u) = -u - 5. Let d be q(-7). Let x(m) = -1 - 3*m**y + 2*m**d - 4*m - 4. Give x(-5).
-10
Let v(o) be the first derivative of -o**2/2 - 8*o + 1. Let x = 0 - -8. Suppose 0 = -6*m + 4*m - x. Calculate v(m).
-4
Let p = 40 - 16. Suppose 3*g = 2*f + 13, 5*f + p = -0*g - g. Let w(c) = -c**3 - 6*c**2 - 5*c + 5. Give w(f).
5
Let j(p) = p**3 + 3*p**2 + p + 4. Suppose -4*d = -k - k + 20, -2*k + 23 = -5*d. Give j(d).
1
Let o(q) = -q**2 + 6*q - 1. Let m be ((-8)/10)/((-2)/15). Suppose 0 = s - r + m*r - 30, 0 = 2*s + 5*r - 35. Calculate o(s).
4
Suppose 5*g + j = 6*j, 5*g + j = -18. Let s be (-42)/(-10) + g/15. Suppose 4*z + 8 = s. Let c(d) = 5*d**2 + 1. Give c(z).
6
Let m(c) = 5*c. Let t be m(-1). Let x(r) be the third derivative of -r**4/12 - r**3 - 2*r**2. What is x(t)?
4
Suppose -4*c + 8*c = 0. Suppose -j + 0 + 2 = c. Let m(n) = -n**j - 6 - 7*n - 3*n + 3*n. Determine m(-6).
0
Suppose 3*d - q = 4*q + 10, 5*q - 10 = -d. Suppose 5*c - 25 = -5*v, 0 = -d*v - c + 20 + 1. Let h(i) = 3 + i**2 + v*i + 0*i + 1. Give h(-4).
4
Let w(h) be the first derivative of h**4/24 - h**3/6 + 5*h**2/2 - 6. Let d(b) be the second derivative of w(b). Determine d(2).
1
Suppose -2*q - 4 = -0*q. Let t(b) be the first derivative of -3/2*b**2 + 2 + 0*b - b**3. Calculate t(q).
-6
Suppose 31 = -4*h + 39. Let x(c) = 2*c**3 - 3*c**2 + 1. Give x(h).
5
Let n(p) = 5*p**2 - 4*p + 2 + 12*p**3 - 3*p**3 - 10*p**3. Calculate n(4).
2
Suppose -5 - 15 = -4*f, -4*y - 2 = -2*f. Suppose 2*n + 12 = 6*n. Let o(v) = 1 - 2*v**3 + 3*v**n - 2 + 3*v**y. Calculate o(-3).
-1
Let q(f) be the second derivative of -f**4/12 - 2*f**3/3 + 7*f**2/2 - 19*f. Determine q(-7).
-14
Suppose 0 = 6*j + 6. Let q(u) = 16*u**3 - 2*u**2 - 2*u - 1. Calculate q(j).
-17
Let z(v) = -3*v**3 - 3*v**2 + v + 10. Let m(r) = -13*r**3 + 4*r**2 + 39 - 6*r**2 + 5*r - 11*r**2. Let o(x) = 2*m(x) - 9*z(x). What is o(0)?
-12
Suppose 0 + 1 = d. Let q be (-8)/(-40) + 9/5. Let l(m) = -2*m + 8*m**2 + 2 - d + m**q. Calculate l(1).
8
Let r(p) be the second derivative of -p + 3/2*p**2 + 0 - 2/3*p**3. Give r(2).
-5
Suppose 0 = -o + 2*i + 10 - 3, -4*o + 6 = 3*i. Let g(m) be the first derivative of -m + 0*m**2 - 3 + 1/3*m**o. Calculate g(0).
-1
Let m(u) = -5*u**3 - u**2. Let c(n) be the second derivative of -n**4/12 - 7*n**3/6 + 3*n**2/2 + n. Let v be c(-7). Let l = v + -2. Give m(l).
-6
Suppose -14 = 2*j - 4*o + 14, 0 = -o + 4. Let t(h) = -h. Determine t(j).
6
Let b(o) be the first derivative of -3*o**2/2 + 5*o + 7. Let t be b(2). Let g(l) = -9*l**3 + 1. Give g(t).
10
Let b(t) = -11*t + 19*t - 3*t - 7*t. What is b(6)?
-12
Let j be (-1)/(8/6 + 140/(-96)). Let o(g) = g - 4. Determine o(j).
4
Let p(r) be the first derivative of r**4/4 + 7*r**3/3 - 7*r**2/2 + 11*r - 3. Determine p(-8).
3
Let o(h) = h**2 - 7*h + 6. Let k(t) = -t - 6*t + 13 - 6 + 0*t**2 + t**2. Let s(l) = 6*k(l) - 7*o(l). Calculate s(6).
6
Let v be (2/(-6))/(1/3). Let p = -3 + v. Let t(n) = -n**2 - n. Let l(c) = 4*c**2 + 8*c - 1. Let b(r) = -l(r) - 3*t(r). Give b(p).
5
Let m(a) be the second derivative of a**4/12 - a**3 - a**2 + 2*a. Suppose 0 = r + 2*r - 15. Give m(r).
-7
Let y(p) be the first derivative of 1 + 1/4*p**4 - 2*p**2 + 4*p - 4/3*p**3. Determine y(4).
-12
Let y(h) be the first derivative of -h**3/3 + 2*h**2 - 5*h + 10. Let r be 12/9*(3 + 0). What is y(r)?
-5
Let d be (5/(-2))/((-2)/4). Let t(a) = a**3 - 4*a**2 - 2*a - 7. Give t(d).
8
Let v(a) = -a**2 + 11*a - 6. Let w = -147 + 158. What is v(w)?
-6
Let l be (2/(-4))/((-2)/(-8)). Let b be 6/3 + l + 1. Let v(f) = -5*f - f**2 + 10*f - 1 - b. What is v(5)?
-2
Let l = 5 - 3. Let d(q) = 4 - 3 - 2 + l*q. What is d(-3)?
-7
Let u be (-2)/((-8)/(-28))*-1. Let j(c) = -c + 14. Determine j(u).
7
Suppose -u - 4*t + 5 = 0, 3*u + 2*t - 15 = -0. Let z(h) = -h**3 + 4*h**2 + 6*h. What is z(u)?
5
Let q(i) = 0*i + 3 - 7 - 2*i. Let l be 2/(-3)*-3 - 5. Give q(l).
2
Let o(q) = -q**2 + 2*q. Let n be o(2). Let x(r) be the first derivative of -r**3/6 - r**2/2 + 3*r - 7. Let i(h) be the first derivative of x(h). Give i(n).
-1
Let m(k) be the second derivative of -k**3/6 - k**2 + 15*k. Give m(2).
-4
Let a(n) be the third derivative of n**5/60 - n**4/6 + 2*n**3/3 + 2*n**2. Let r be (-2)/(-3 - 5/(-2)). Calculate a(r).
4
Suppose -3*z = z + 16. Let s(f) = -f**2 - 2*f - 2. Let m(q) = -2*q**2 - 4*q - 5. Let i(t) = 4*m(t) - 9*s(t). Calculate i(z).
6
Let j = 4 - 8. Let m = -2 - j. Let n(c) = -7 + 4*c**3 - c - 2*c**2 - 8*c**3 + c**m + 3*c**3. What is n(0)?
-7
Let h be 0/((-1)/((-2)/2)). Let v(w) = w**3 + 3*w**2 + 3*w + 4. Let z(r) = -3*r**3 - 10*r**2 - 10*r - 12. Let i(d) = 7*v(d) + 2*z(d). Determine i(h).
4
Let s(y) be the third derivative of -y**3 + 2*y**2 + 0 - 1